s - 41. What is the tens digit of s?
4
Suppose -46 = -3*p + 59. Let n be 4/2 - -2*p. Suppose 8*z = 5*z + n. What is the tens digit of z?
2
What is the tens digit of (-2)/7 + (-29820)/(-98)?
0
Let v = -1 - -3. Suppose g = m + 3*g - 20, -2*m - v*g + 34 = 0. What is the tens digit of m?
1
Suppose -90*x + 77*x + 10088 = 0. What is the units digit of x?
6
Let n(f) = 5*f - 34. Let z be n(7). What is the hundreds digit of z - (-4)/(12/765)?
2
Let k = 346 + 283. What is the units digit of k?
9
Suppose -2*m = -2*c - 5*m - 19, c + 5*m + 13 = 0. Let l = c - -7. What is the units digit of (l/1)/((-2)/46)?
3
Suppose 2*d - 7*d + 1120 = 3*j, 3*d = 15. What is the tens digit of j?
6
Let s(b) = 35*b - 630. What is the tens digit of s(20)?
7
Let i be -2 + 107 - -6*(-4)/(-8). Suppose 0 = -7*v + 5*v + i. What is the units digit of v?
4
What is the tens digit of 28*5/20 + 656?
6
Let i(k) = 3*k**3 + 52*k**2 + 30*k - 19. What is the tens digit of i(-16)?
2
Let s(g) = -g**2 - 18*g + 4059. What is the hundreds digit of s(0)?
0
What is the units digit of 1570120/425 - (-6)/10?
5
What is the units digit of 4/2 - (-1047 - -5)?
4
Let d = 198 + 389. What is the units digit of d?
7
Let n(j) = j + 11. Let f be n(-6). Suppose 0*q - f*q - 160 = 0. Let r = 56 + q. What is the tens digit of r?
2
Suppose 0 = 78*j - 74*j. Suppose -5*h + 2*y = -j*y - 258, -2*y + 158 = 3*h. What is the tens digit of h?
5
Suppose -798 = -10*j - 11*j. Suppose -39 = -2*x - 4*t + 3, 99 = 5*x + 4*t. Let k = j - x. What is the tens digit of k?
1
Suppose -z = -9*p + 13*p - 942, -5*p - 924 = -z. What is the units digit of z?
4
Suppose -4*p + 3*j = -1702, 5*p - 2145 = -0*p - 5*j. What is the hundreds digit of p?
4
Suppose 0*n - 4*n + 232 = 0. Suppose 0 = 55*x - n*x + 186. What is the units digit of x?
2
Let y(i) = 3*i + 6. Let s be y(-6). Suppose 0 = -2*k + 5*u + 10 - 4, 4*k = u + 30. What is the units digit of k/6 + (-20)/s?
3
Suppose 9*a - 10*a = 3*l - 3940, -3*l + 11826 = 3*a. What is the hundreds digit of a?
9
Let m = 5148 + -2448. What is the hundreds digit of m?
7
Let c(h) = 2*h + 2. Let b be c(13). Suppose b = d + 5. What is the units digit of d?
3
Let k(a) = 3*a**2 - 1 - 6 - 4*a**2 - 7*a. Let d be k(-6). Let z = d + 12. What is the tens digit of z?
1
Let n be (-3 - (-1 - -2)) + (-3)/3. What is the units digit of (3 + n)*106*(-4)/16?
3
Suppose 5*i = 5*c - 10985, -4*c + 3829 + 4960 = -5*i. What is the hundreds digit of c?
1
Let i(o) = 2*o**2 - 4*o - 9. Let z = 55 - 58. What is the tens digit of i(z)?
2
Let w = 16 + -13. Suppose -p - 16 = -w*p. Let n = p + -4. What is the units digit of n?
4
Let r be 3 + (18/(-3))/2. Suppose -3*m = s - 152, -3*s = -2*m - r*s + 94. Suppose m = j + j. What is the tens digit of j?
2
Suppose 0 = -2*h - 2*b + 78, 0*b - 144 = -4*h + 2*b. Suppose s = 3*k - 101 + h, 0 = 4*k - 5*s - 89. What is the units digit of k?
1
Let l(m) = m - 1. Let j be l(4). Let z be 21/j - 1 - 1. Let w = 13 - z. What is the units digit of w?
8
Suppose 0 = f - 5*f. Suppose 2*r + 1 = -2*p + 7, -r - 5*p - 9 = f. What is the tens digit of (-16)/r*132/(-8)?
4
Suppose 218*u - 217*u - 816 = 0. What is the hundreds digit of u?
8
Let h(u) = -2*u**3 + 63*u**2 - 21*u - 60. What is the hundreds digit of h(31)?
2
Suppose -4*l + 60 = -2*l. Suppose -3*h = -2*c - l, -4*c + 46 = -6*c - 5*h. What is the units digit of (-590)/c - (-2)/9?
3
Let v(b) = -2*b + 2. Let f be v(-1). Suppose -4*g - 2*o + f*o = 152, 3*o - 148 = 4*g. Let w = -23 - g. What is the units digit of w?
7
Let j = -449 + 910. What is the tens digit of j?
6
Suppose 3*s - 5*v - 56 = -s, -3*s = -2*v - 42. Let x be 9/(-6) + 2862/36. Suppose -x = -i - s. What is the units digit of i?
4
Suppose -3*a - a + 15 = -3*x, 3*a = 2*x + 10. Suppose a = -8*v + 3*v + 40. What is the units digit of v?
8
Let v(q) be the first derivative of 8*q**3/3 - q**2 - 10. What is the units digit of v(3)?
6
Suppose 74 - 251 = -3*t. Suppose 3*o + g - t = 35, o - 8 = -5*g. Suppose -o = 7*j - 362. What is the units digit of j?
7
Suppose 3*x - 8 = 19. What is the units digit of 3/x + (-15)/(-9)?
2
Suppose o - b - 9 = 0, 5*o + 4 = 2*b + 58. Suppose o*v - 936 = 4*v. What is the units digit of v?
7
Suppose 22 = 4*s - 18. Suppose 0 = -5*h - 0 - s. Let v = h + 8. What is the units digit of v?
6
Let d(v) = -2*v - 6. Let z = 20 + -18. Suppose -f = z*f + q + 28, -26 = f - 3*q. What is the units digit of d(f)?
6
Suppose -514 = -3*a + 2111. What is the tens digit of a?
7
Let n(h) = -h**3 - 15*h**2 + 4*h - 76. What is the thousands digit of n(-19)?
1
Let q = 15 + -12. Suppose -2*n - 24 = -q*m + 81, 140 = 4*m + 4*n. What is the units digit of m?
5
Let d(l) = -l + 12. Let j be 60/18*9/6. Let h be d(j). What is the units digit of 3*h/(28/8)?
6
Suppose 0 = -2*q + u + 6, 2*q - 15 = -3*q - 5*u. Suppose -q*f - 3*x = -132, 9*x - 142 = -3*f + 4*x. What is the units digit of f?
9
Let s(l) = 2*l**2 + 6*l + 8. Let g(d) = -3*d + 3. Let v be g(-1). What is the hundreds digit of s(v)?
1
Let j(l) = -25*l**3 - l**2 + l + 1. Let u be j(-1). Let b be ((-14)/(-4))/(2/(-8)). Let m = b + u. What is the units digit of m?
0
Let s = -448 + 1245. What is the tens digit of s?
9
Suppose 0*g - g + 4*j = 3, 8 = 3*g + 5*j. What is the units digit of ((-72)/(-48))/(g/36)?
4
Let q be 0*(-1 + 0) - 1. Let u(c) = 25*c + 262. Let d be u(-10). Let j = d + q. What is the tens digit of j?
1
Let p(a) = a**3 - 18*a**2 - 40*a + 209. What is the hundreds digit of p(22)?
2
What is the tens digit of (-4430)/(-4)*(-6 + 608/95)?
4
Let r(b) = b + 1. Let n be r(-2). Let o be 2/(1/(-1))*10/(-20). What is the tens digit of (24 - -2) + o + n?
2
Suppose -2*j + 30597 = 29*j. What is the hundreds digit of j?
9
Let l be (-2 + 1 - -3)/1. Suppose -8*w + 72 = -4*w. Let k = l + w. What is the tens digit of k?
2
Let d = -19 - -34. Let c = 19 - d. Suppose 5*z + 3*w - 228 = 0, -2*z = -c*z - 3*w + 93. What is the tens digit of z?
4
Let y = 4544 + -1867. What is the tens digit of y?
7
Let a be 2 - 3 - (-5 + 6). Let c(l) = -4*l + 3. Let x(s) = -4*s + 3. Let n(f) = 4*c(f) - 3*x(f). What is the tens digit of n(a)?
1
What is the hundreds digit of (6690/(-18) - -8)*-3?
0
What is the units digit of -2 - (-55040)/12 - 5/(-15)?
5
Let b = -3724 + 6236. What is the tens digit of b?
1
Suppose 3100 + 96 = 17*t. Let o = 56 + t. What is the hundreds digit of o?
2
Let d(c) be the second derivative of -3*c + 0 + 1/3*c**3 + 1/6*c**4 - 2*c**2. What is the tens digit of d(3)?
2
Suppose 267*d - 261*d = 19170. What is the tens digit of d?
9
Let m be (1 - 6)*(-1 - (-1128)/40). Let o = 86 - m. What is the hundreds digit of o?
2
Suppose z - 5*q - 204 = 0, 0 = -117*z + 116*z + 3*q + 196. What is the hundreds digit of z?
1
Let s be 1/((-44)/16 + 3). Suppose -s = -c - c. What is the units digit of c?
2
Let z = 1948 - 767. What is the thousands digit of z?
1
Let i be -1 + (-21 - 0)/(-3). What is the tens digit of i/(-27) - 896/(-63)?
1
Let d(i) = 35*i - 130*i + 32 - 20. What is the units digit of d(-3)?
7
Let l = -1951 + 4860. What is the tens digit of l?
0
Let w be (-2)/(-8) - 1/((-4)/(-661)). Let k = -92 - w. What is the units digit of k?
3
Let q(v) = -7*v**2 - 25*v + 27. Let s(l) = -3*l**2 - 12*l + 13. Let a(t) = 4*q(t) - 9*s(t). Let f be a(7). What is the units digit of (1 - 0 - f) + 9?
2
Suppose 111*g = 120*g - 12276. What is the tens digit of g?
6
Suppose 2*q - 8 = 10. Let y = q + -10. Let u(z) = -z**3 - z**2 - z. What is the units digit of u(y)?
1
Suppose l = -l + 8, -5*l = -4*s - 96. Let v be -3*(-7)/(21/4). Let a = v - s. What is the tens digit of a?
2
Let r(p) = 4*p**2 - 16*p - 16. Let i be r(-10). Suppose -5*g - 2*t = -i, -4*t = g - 22 - 94. What is the units digit of g?
8
Suppose -2*j + 4 = 8. Let r(q) = 87*q**3 + 5*q**2. Let o(c) = -43*c**3 - 2*c**2. Let v(x) = j*r(x) - 5*o(x). What is the units digit of v(1)?
1
Let c(l) = -2*l**3 - 2*l**2 + 2*l - 3. Suppose 0 = 2*p - q + 2*q + 49, 0 = p - 2*q + 32. Let s be p/10 - (-4)/(-10). What is the units digit of c(s)?
7
Let q = 7192 - 4311. What is the thousands digit of q?
2
Suppose -3*b + 4*b + 18909 = 4*o, -20 = 4*b. What is the units digit of o?
6
Let m(v) = v**2 - 4*v - 7. Suppose -5*z = -5, 0*c - 2*c + 2*z = -12. What is the units digit of m(c)?
4
Let p be ((-4)/(-6))/(5/(-15)). What is the tens digit of 184/6 - p/(-3)?
3
Let c